{"id":1127,"date":"2019-07-21T14:49:17","date_gmt":"2019-07-21T14:49:17","guid":{"rendered":"http:\/\/bramscher-katzenhilfe.de\/WordPress\/?p=1127"},"modified":"2019-11-15T12:51:41","modified_gmt":"2019-11-15T12:51:41","slug":"notfall-fundtier-katzenbaby","status":"publish","type":"page","link":"https:\/\/wp.bramscher-katzenhilfe.de\/?page_id=1127","title":{"rendered":"Notfall &#8211; Fundtier Katzenbaby"},"content":{"rendered":"\n<p class=\"wp-block-paragraph\" style=\"font-size:18px\"><strong>Was ist zu tun, wenn Sie Katzenbabys finden: <\/strong><\/p>\n\n\n\n<p class=\"wp-block-paragraph\">Im Fr\u00fchjahr und im Herbst ist die Zeit, in der viele Katzenbabys geboren werden. Wenn Sie ein oder mehrere  Katzenbabys finden, dann gilt es unbedingt, einiges zu beachten, um die Kleinen optimal zu versorgen.<\/p>\n\n\n\n<p class=\"wp-block-paragraph\">Im Folgenden finden Sie daher einige Hinweise und Hilfestellungen zur Aufzucht. Da es sich immer nur um Richtlinien handelt, die keinen Anspruch auf Vollst\u00e4ndigkeit erheben, wenden Sie sich im Zweifel  bitte immer sofort an einen Tierarzt.<\/p>\n\n\n\n<p class=\"wp-block-paragraph\">Sollten Sie ein Katzenbaby finden, muss schnell  gehandelt werden, denn es ben\u00f6tigt in den ersten Lebenswochen alle zwei Stunden Nahrung \u2013 selbstverst\u00e4ndlich auch nachts. Wenn das Baby die Augen noch geschlossen hat, befindet es sich in einer sehr kritischen Phase, da es in diesem Entwicklungsstadium sehr schnell sterben kann.Sie sollten daher die Verpflegung in die Hand erfahrener Tiersch\u00fctzer legen. Dies gilt in  besonderem Ma\u00dfe, wenn Sie bisher keine Erfahrung mit der Aufzucht gesammelt  haben.Wenden Sie sich daher bitte schnell an Tierheime, Tierschutzvereine, Katzenstationen oder nat\u00fcrlich auch an Tier\u00e4rzte \u2013 hier z\u00e4hlt jede Minute.<\/p>\n\n\n\n<p class=\"wp-block-paragraph\">Die Aufzucht von Katzenbabys im Alter von unter zwei \n\tWochen sollten Sie nur dann selbst \u00fcbernehmen, wenn Sie bereits \u00fcber \n\tErfahrungen verf\u00fcgen. Hierbei gilt es einiges zu beachten:<\/p>\n\n\n\n<p class=\"wp-block-paragraph\">Der Einsatz der richtigen Milch spielt mit die gr\u00f6\u00dfte Rolle bei der Aufzucht und kann \u00fcber  Leben und Tod des Tieres entscheiden. Verwenden Sie auf keinen Fall  Kondensmilch (auch keine verd\u00fcnnte) und keine H-Milch! Diese f\u00fchren zu  schlimmen, \u00e4u\u00dferst schmerzhaften Koliken. Greifen Sie bitte ausschlie\u00dflich auf spezielle Katzenaufzuchtmilch zur\u00fcck. Sie erhalten diese in  Zoogesch\u00e4ften, Tierfuttergesch\u00e4ften und beim Tierarzt. Auch  Tierschutzvereine haben, f\u00fcr den Notfall, die Spezialmilch meist vorr\u00e4tig.  Haben Sie mit einer Sorte Aufzuchtmilch begonnen, sollten Sie diese Sorte  nicht wechseln.<\/p>\n\n\n\n<p class=\"wp-block-paragraph\">Auch die richtige Technik ist beim F\u00fcttern lebenswichtig.<\/p>\n\n\n\n<p class=\"wp-block-paragraph\">Die ganz kleinen Babys sind zun\u00e4chst am besten mit  einer 1 ml &#8211; Spritze Tropfen f\u00fcr Tropfen zu f\u00fcttern. F\u00fcttern Sie bitte niemals  so viel, dass die Milch aus den Nasenl\u00f6chern austritt oder gar in die Lunge  l\u00e4uft. Jeder Aufzuchtmilch liegt eine Anleitung bei, in der die Futtermenge  genau angegeben ist. <\/p>\n\n\n\n<p class=\"wp-block-paragraph\">Halten Sie das Katzenbaby w\u00e4hrend des F\u00fctterns bitte niemals in R\u00fcckenlage, da die Milch dann direkt in die Lunge l\u00e4uft. Da  folgende Bild zeigt, wie man das Tier halten sollte:<\/p>\n\n\n\n<figure class=\"wp-block-image is-resized\"><img loading=\"lazy\" decoding=\"async\" src=\"http:\/\/bramscher-katzenhilfe.de\/Aufzucht1.jpg\" alt=\"\" width=\"550\" height=\"560\"\/><\/figure>\n\n\n\n<p class=\"wp-block-paragraph\">Wenn das Katzenkind die Augen bereits ge\u00f6ffnet hat, ist es mindestens alle drei Stunden zu f\u00fcttern (auch nachts). Jetzt k\u00f6nnen Sie eine spezielle Aufzuchtflasche verwenden:<\/p>\n\n\n\n<figure class=\"wp-block-image is-resized\"><img decoding=\"async\" src=\"http:\/\/bramscher-katzenhilfe.de\/Aufzucht2.jpg\" alt=\"\" width=\"550\"\/><\/figure>\n\n\n\n<p class=\"wp-block-paragraph\">Nach dem F\u00fcttern m\u00fcssen Sie immer eine Bauchmassage durchf\u00fchren. Streichen Sie hierbei vom Nabel bis zum After. Sinnvoll ist auch, den After mit einem weichen Wattebausch sanft zu tupfen,  da dies die Urin- und Kotabsetzung animiert. Das ist \u00fcberlebenswichtig, da das Baby dies noch nicht von alleine kann.<\/p>\n\n\n\n<p class=\"wp-block-paragraph\">Nach dem F\u00fcttern kann das Katzenbaby auf  einer angenehm temperierten (nicht zu hei\u00dfen!) W\u00e4rmeflasche einschlafen:<\/p>\n\n\n\n<figure class=\"wp-block-image is-resized\"><img decoding=\"async\" src=\"http:\/\/bramscher-katzenhilfe.de\/Aufzucht3.jpg\" alt=\"\" width=\"550\"\/><\/figure>\n\n\n\n<p class=\"wp-block-paragraph\">Sobald Sie sich unsicher sind, sollten Sie auf jeden Fall einen Tierarzt aufsuchen. Kleine Katzenbabys k\u00f6nnen sehr  schnell sterben, deshalb stellen Sie sie lieber einmal mehr, als einmal zu  wenig dem Tierarzt vor. Falls keine Verdauung kommt, oder die Babys  Durchfall oder Schnupfen haben, sollten Sie sofort zum Tierarzt fahren, da dies \u00e4u\u00dferst gef\u00e4hrlich ist! Auch zugeschwollene Augen m\u00fcssen sofort  versorgt werden, da die Babys sonst erblinden k\u00f6nnen.   <\/p>\n\n\n\n<p class=\"wp-block-paragraph\">Bis zur 6. Woche sollten die Kleinen keinen Besuch bekommen, da sie ohne Muttermilch sehr anf\u00e4llig sind und sich  leicht anstecken k\u00f6nnen. Erk\u00e4ltete Personen sollten sich ganz von den Babys fernhalten.<\/p>\n\n\n\n<p class=\"wp-block-paragraph\">Mit Vollendung der 4. Lebenswoche kann das Katzenbaby alle vier Stunden gef\u00fcttert werden. Nachts reicht es jetzt  aus, alle 5 Stunden zu f\u00fcttern. Nun beginnt auch die Zeit, wo ihr Baby  anf\u00e4ngt feingedr\u00fccktes Welpenfleisch-Futter von einem flachen Teller zu  fressen. Auf Trockenfutter sollte noch verzichtet werden, da dieses in dem  Alter noch zu schweren Verstopfungen f\u00fchren kann. Erst wenn Ihr Baby alleine  frisst und regelm\u00e4\u00dfig Kot absetzt, kann vorsichtig und in ganz kleinen  Mengen Trockenfutter in Verbindung mit frischem Wasser gegeben werden. Sie  k\u00f6nnen dann in kleinen Schritten die Trockenfuttergabe jeden Tag etwas erh\u00f6hen (aber immer nur ein paar Brocken mehr).<\/p>\n\n\n\n<p class=\"wp-block-paragraph\">F\u00fcr die Nacht reicht es nun aus, eine Portion Futter bereit zu stellen.<\/p>\n\n\n\n<p class=\"wp-block-paragraph\">In der ersten Zeit sollte auf klumpendes Katzenstreu unbedingt verzichtet werden, da die Kleinen dieses nicht in den  Magen bekommen d\u00fcrfen. Verwenden Sie bitte feines Babykatzenstreu.   <\/p>\n\n\n\n<p class=\"wp-block-paragraph\">Falls Sie an n\u00e4heren Informationen zum Thema Aufzucht von Katzenbabys interessiert sind, finden Sie auf folgender Seite  eine sehr detaillierte Darstellung:<\/p>\n\n\n\n<p class=\"wp-block-paragraph\">\n\t<a href=\"http:\/\/www.kleinetierpension.de\/willkommenaufmeineInfoseiten.htm\">\n\t<strong>www.kleinetierpension.de<\/strong><\/a><\/p>\n ","protected":false},"excerpt":{"rendered":"<p>Was ist zu tun, wenn Sie Katzenbabys finden: Im Fr\u00fchjahr und im Herbst ist die Zeit, in der viele Katzenbabys geboren werden. Wenn Sie ein<a href=\"https:\/\/wp.bramscher-katzenhilfe.de\/?page_id=1127\" class=\"more-link\"><span class=\"screen-reader-text\"> &#8222;Notfall &#8211; Fundtier Katzenbaby&#8220;<\/span><\/a><\/p>\n","protected":false},"author":2,"featured_media":0,"parent":0,"menu_order":0,"comment_status":"closed","ping_status":"closed","template":"","meta":{"give_campaign_id":0,"_crdt_document":"","footnotes":""},"class_list":["post-1127","page","type-page","status-publish","hentry"],"campaignId":"","_links":{"self":[{"href":"https:\/\/wp.bramscher-katzenhilfe.de\/index.php?rest_route=\/wp\/v2\/pages\/1127","targetHints":{"allow":["GET"]}}],"collection":[{"href":"https:\/\/wp.bramscher-katzenhilfe.de\/index.php?rest_route=\/wp\/v2\/pages"}],"about":[{"href":"https:\/\/wp.bramscher-katzenhilfe.de\/index.php?rest_route=\/wp\/v2\/types\/page"}],"author":[{"embeddable":true,"href":"https:\/\/wp.bramscher-katzenhilfe.de\/index.php?rest_route=\/wp\/v2\/users\/2"}],"replies":[{"embeddable":true,"href":"https:\/\/wp.bramscher-katzenhilfe.de\/index.php?rest_route=%2Fwp%2Fv2%2Fcomments&post=1127"}],"version-history":[{"count":5,"href":"https:\/\/wp.bramscher-katzenhilfe.de\/index.php?rest_route=\/wp\/v2\/pages\/1127\/revisions"}],"predecessor-version":[{"id":1943,"href":"https:\/\/wp.bramscher-katzenhilfe.de\/index.php?rest_route=\/wp\/v2\/pages\/1127\/revisions\/1943"}],"wp:attachment":[{"href":"https:\/\/wp.bramscher-katzenhilfe.de\/index.php?rest_route=%2Fwp%2Fv2%2Fmedia&parent=1127"}],"curies":[{"name":"wp","href":"https:\/\/api.w.org\/{rel}","templated":true}]}}