{"id":1434,"date":"2019-08-11T16:17:16","date_gmt":"2019-08-11T16:17:16","guid":{"rendered":"http:\/\/bramscher-katzenhilfe.de\/WordPress\/?p=1434"},"modified":"2019-11-15T12:51:41","modified_gmt":"2019-11-15T12:51:41","slug":"2015","status":"publish","type":"page","link":"https:\/\/wp.bramscher-katzenhilfe.de\/?page_id=1434","title":{"rendered":"2015"},"content":{"rendered":"\n<p class=\"wp-block-paragraph\" style=\"font-size:26px\"><strong><em>Na so was \u2013 die Katzenhilfe Bramsche ist schon 4 geworden<\/em><\/strong><\/p>\n\n\n\n<p class=\"wp-block-paragraph\">Die Katzenhilfe Bramsche arbeitet eher leise, so wie sich auch die herrenlosen Katzen um uns herum leise  bewegen. Wir sehen sie nicht, trotzdem sind sie da.<\/p>\n\n\n\n<p class=\"wp-block-paragraph\">Der Verein hatte im \n\t\tSeptember 2015 seinen 4. Geburtstag, und wenn wir ehrlich sind, haben \n\t\twir ihn mal wieder glatt vergessen. Wir sind immer noch ein kleiner \n\t\tVerein, doch wir sind uns einig, die Vereinsgr\u00fcndung war richtig. Wir \n\t\tw\u00fcrden es wieder tun. F\u00fcr einige von uns ist diese ehrenamtliche Arbeit \n\t\tf\u00fcr die wild lebenden Katzen in Bramsche und Umgebung schon fast zu \n\t\teiner Vollzeitaufgabe geworden.<\/p>\n\n\n\n<p class=\"wp-block-paragraph\">Wenn wir \n\t\tzur\u00fcckblicken, wundern wir uns immer wieder, wie wir das bis jetzt alles \n\t\tschaffen und \u00fcberhaupt&nbsp;\n\t\tfinanzieren konnten. An dieser Stelle \n\t\tdanken wir Ihnen allen und den ehrenamtlichen Helfern sehr herzlich.\n\t\t <\/p>\n\n\n\n<p class=\"wp-block-paragraph\">\u00dcber 260 Tiere haben wir seit der \n\t\tVereinsgr\u00fcndung schon eingefangen, tier\u00e4rztlich versorgen und kastrieren \n\t\tlassen. Wenn es in der Vereinskasse mal \u201eetwas knapp\u201c zuging, lie\u00dfen wir \n\t\tdie weiblichen Katzen, soweit wir das lenken konnten, zuerst kastrieren. \n\t\tDie Kater mussten sich dann mal etwas gedulden. Aber aus den Augen \n\t\tverloren haben wir sie deshalb nicht.<\/p>\n\n\n\n<p class=\"wp-block-paragraph\">Die meisten der kastrierten Tiere werden von uns \n\t\tan ihren Lebensort zur\u00fcckgesetzt. Viele von ihnen werden von uns und \n\t\tKatzenfreunden (unseren stillen Helfern), an verschiedenen Futterstellen \n\t\tmit einer Tagesration Futter versorgt. Das h\u00e4lt die kastrierten, \n\t\therrenlosen Tiere weitestgehend gesund und hilft dabei, dass diese nicht \n\t\tmehr, auf der Suche nach Nahrung, ausgemergelt und ersch\u00f6pft durch \n\t\tunsere Stra\u00dfen ziehen m\u00fcssen.<\/p>\n\n\n\n<p class=\"wp-block-paragraph\">Bundesweit geht der Deutsche Tierschutzbund von \n\t\t2 Millionen herrenlosen Katzen aus. Die Kastrationen vor Ort sind der \n\t\teinzige Weg, die unkontrollierte Vermehrung zu stoppen. Nur durch \n\t\tKastration kann viel Elend verhindert werden.<\/p>\n\n\n\n<p class=\"wp-block-paragraph\">Den H\u00f6fen in Bramsche und Umgebung bieten wir \n\t\tKastrationsunterst\u00fctzung an, und wenn unsere Hilfe gew\u00fcnscht wird, \n\t\tsetzen wir uns daf\u00fcr ein.<\/p>\n\n\n\n<p class=\"wp-block-paragraph\">Katzenhilfe geht, wie vermutlich die meiste \n\t\tTierschutzarbeit, nur in kleinen Schritten.<\/p>\n\n\n\n<p class=\"wp-block-paragraph\">J\u00e4hrlich werden von \n\t\tuns ca. 50 &nbsp;Tiere \n\t\tin private Pflegestellen aufgenommen. Dabei handelt es sich \u00fcberwiegend \n\t\tum verwaiste Katzenbabys, um verletzte Tiere oder Fundtiere, die ihr \n\t\tZuhause verloren haben.<\/p>\n\n\n\n<p class=\"wp-block-paragraph\">Auch die kleine Sina ist so ein Fundtier. Diese \n\t\tzauberhafte Katze ist jetzt ca. 6 Monate alt und lebt seit 2 Monaten bei \n\t\tuns in einer Pflegestelle. Sie wurde in der Niedersachsenstrasse in \n\t\tBramsche gefunden. Manchmal denken wir, wo kommen so feine Tiere blo\u00df \n\t\ther. Die fallen doch nicht einfach vom Himmel. Die muss doch ein Mensch \n\t\tvermissen. Doch auch bei Sina konnten wir, trotz umfangreicher Suche, \n\t\tbis heute keinen Besitzer ausfindig machen.<\/p>\n\n\n\n<p class=\"wp-block-paragraph\">Derzeit befinden sich 9 Katzen in unseren \n\t\tPflegestellen. F\u00fcr sie alle suchen wir ein gutes Zuhause. Da die Tiere \n\t\tvon drau\u00dfen kommen, w\u00fcnschen sie sich wieder ein Zuhause mit Freigang.<\/p>\n\n\n\n<p class=\"wp-block-paragraph\">Leider k\u00f6nnen wir \u00fcbers Jahr nicht allen helfen. \n\t\tEs fehlt uns an privaten Pflegestellen und R\u00e4umlichkeiten, um weitere \n\t\tTiere aufnehmen zu k\u00f6nnen.<\/p>\n\n\n\n<p class=\"wp-block-paragraph\">Es w\u00e4re gut, wenn wir hier bald Unterst\u00fctzung \n\t\tf\u00e4nden. Wenn Sie eine Idee haben oder helfen m\u00f6chten, rufen Sie uns \n\t\tbitte an.<\/p>\n\n\n\n<p class=\"wp-block-paragraph\">Beim diesj\u00e4hrigen Gartenst\u00e4dter Weihnachtsmarkt \n\t\tplanen wir wieder eine gro\u00dfe Tombola. Hierf\u00fcr ben\u00f6tigen wir noch \n\t\tKinderspielzeug und Sachspenden jeder Art.<\/p>\n\n\n\n<p class=\"wp-block-paragraph\">Bei unserem ganzen \n\t\tTun stehen die scheuen Streuner in Bramsche und Umgebung stets im \n\t\tMittelpunkt. Das sind unsere wahren Sorgenkinder. M\u00f6glichst viele von \n\t\tihnen zu kastrieren \n\t\t&nbsp;und \n\t\tihnen jetzt wieder durch die kalte Jahreszeit zu helfen, ist uns eine \n\t\tHerzensangelegenheit.<\/p>\n\n\n\n<p class=\"wp-block-paragraph\">Jetzt noch ein wichtiger Aufruf an alle  Gartenbesitzer. Da die Arbeit in den G\u00e4rten langsam zu Ende geht, werden  Schuppen und Gartenh\u00e4user oft f\u00fcr l\u00e4ngere Zeit geschlossen. Bevor sie  die T\u00fcren schlie\u00dfen, schauen Sie bitte unbedingt noch einmal nach, ob  sich eine Katze darin aufh\u00e4lt.  Katzen sind neugierig und sie verstecken sich gut.  Damit Ihr Gartenhaus f\u00fcr die Tiere nicht zur Todesfalle wird, bitten wir  Sie herzlich, ganz genau nachzusehen.<\/p>\n\n\n\n<p class=\"wp-block-paragraph\">Wir w\u00fcnschen uns,  dass wir unsere ehrenamtliche Arbeit f\u00fcr die&nbsp; herrenlosen Katzen erfolgreich&nbsp; fortsetzen k\u00f6nnen. Wir hoffen dabei  wieder sehr auf die Hilfe und die finanzielle Unterst\u00fctzung der Menschen  in Bramsche und Umgebung.  <\/p>\n\n\n\n<figure class=\"wp-block-image is-resized\"><img decoding=\"async\" src=\"http:\/\/bramscher-katzenhilfe.de\/Sina.jpg\" alt=\"Dieses Bild hat ein leeres alt-Attribut; sein Dateiname ist Sina.jpg.\" width=\"550\"\/><figcaption>  Die kleine Sina w\u00fcnscht sich ein liebevolles Zuhause. <\/figcaption><\/figure>\n\n\n\n<figure class=\"wp-block-image size-large\"><img loading=\"lazy\" decoding=\"async\" width=\"30\" height=\"29\" src=\"http:\/\/bramscher-katzenhilfe.de\/WordPress\/wp-content\/uploads\/2019\/08\/Pfote-klein-33.jpg\" alt=\"\" class=\"wp-image-1436\"\/><figcaption><br><\/figcaption><\/figure>\n\n\n\n<p class=\"wp-block-paragraph\">Viele Menschen, denen ihre Katzen verloren gingen, haben wir bei ihren  Suchaktionen unterst\u00fctzt.  <\/p>\n\n\n\n<p class=\"wp-block-paragraph\">Bei Lotti hatte die Familie kaum noch Hoffnung, sie schien verloren.  Nach sechs endlosen Wochen stand Lotti laut maunzend Zuhause vor der  Terrassent\u00fcr. Weinend vor Gl\u00fcck schloss Frauchen ihr abgemagertes Tier  wieder in die Arme.<\/p>\n\n\n\n<figure class=\"wp-block-image is-resized\"><img loading=\"lazy\" decoding=\"async\" src=\"http:\/\/bramscher-katzenhilfe.de\/Lotti3.jpg\" alt=\"\" width=\"550\" height=\"747\"\/><figcaption> Heimkehrer Lotti <\/figcaption><\/figure>\n\n\n\n<figure class=\"wp-block-image size-large\"><img loading=\"lazy\" decoding=\"async\" width=\"30\" height=\"29\" src=\"http:\/\/bramscher-katzenhilfe.de\/WordPress\/wp-content\/uploads\/2019\/08\/Pfote-klein-32.jpg\" alt=\"\" class=\"wp-image-1435\"\/><\/figure>\n ","protected":false},"excerpt":{"rendered":"<p>Na so was \u2013 die Katzenhilfe Bramsche ist schon 4 geworden Die Katzenhilfe Bramsche arbeitet eher leise, so wie sich auch die herrenlosen Katzen um<a href=\"https:\/\/wp.bramscher-katzenhilfe.de\/?page_id=1434\" class=\"more-link\"><span class=\"screen-reader-text\"> &#8222;2015&#8220;<\/span><\/a><\/p>\n","protected":false},"author":2,"featured_media":0,"parent":0,"menu_order":0,"comment_status":"closed","ping_status":"closed","template":"","meta":{"give_campaign_id":0,"_crdt_document":"","footnotes":""},"class_list":["post-1434","page","type-page","status-publish","hentry"],"campaignId":"","_links":{"self":[{"href":"https:\/\/wp.bramscher-katzenhilfe.de\/index.php?rest_route=\/wp\/v2\/pages\/1434","targetHints":{"allow":["GET"]}}],"collection":[{"href":"https:\/\/wp.bramscher-katzenhilfe.de\/index.php?rest_route=\/wp\/v2\/pages"}],"about":[{"href":"https:\/\/wp.bramscher-katzenhilfe.de\/index.php?rest_route=\/wp\/v2\/types\/page"}],"author":[{"embeddable":true,"href":"https:\/\/wp.bramscher-katzenhilfe.de\/index.php?rest_route=\/wp\/v2\/users\/2"}],"replies":[{"embeddable":true,"href":"https:\/\/wp.bramscher-katzenhilfe.de\/index.php?rest_route=%2Fwp%2Fv2%2Fcomments&post=1434"}],"version-history":[{"count":8,"href":"https:\/\/wp.bramscher-katzenhilfe.de\/index.php?rest_route=\/wp\/v2\/pages\/1434\/revisions"}],"predecessor-version":[{"id":1884,"href":"https:\/\/wp.bramscher-katzenhilfe.de\/index.php?rest_route=\/wp\/v2\/pages\/1434\/revisions\/1884"}],"wp:attachment":[{"href":"https:\/\/wp.bramscher-katzenhilfe.de\/index.php?rest_route=%2Fwp%2Fv2%2Fmedia&parent=1434"}],"curies":[{"name":"wp","href":"https:\/\/api.w.org\/{rel}","templated":true}]}}